st common divisor of 49 and w?
7
Let v be ((-13)/(-1) - 0) + -2. What is the highest common divisor of 33 and v?
11
Suppose 176 = -0*j + 4*j. Calculate the greatest common factor of j and 11.
11
Let p(z) = 18*z - 10. Let d be p(13). Calculate the greatest common divisor of 32 and d.
32
Suppose 11*n = 6*n + 60. Calculate the greatest common factor of 12 and n.
12
Let c(n) = -n - 5 - 3*n + n**2 + 0*n. Let f be c(-5). Let t be 2/2 - (-90)/10. What is the highest common factor of t and f?
10
Let v be (18/(-8))/(2/(-880)). Suppose 7*q - 2*q - v = 0. What is the highest common factor of q and 18?
18
Suppose 5*y - 2*y = 48. Suppose 0 = 4*p - 4, 2*p = 6*f - f - 118. What is the greatest common factor of y and f?
8
Let v = 0 + 0. Suppose v*j + 4*j = 20. Let q = 8 - j. Calculate the greatest common divisor of q and 3.
3
Suppose -h = -f - 4*f + 16, 0 = 5*h - 5*f + 40. Let s be -2 + 3/(h/(-20)). Suppose 2 - s = -2*t. Calculate the highest common divisor of 6 and t.
3
Let d = 2 + 2. Let p = d - 3. What is the highest common divisor of p and 11?
1
Let d = -105 - -128. What is the highest common divisor of 207 and d?
23
Suppose b + b = -3*q, 3*q = 4*b - 18. Suppose 4*p = 2*y - 15 - 23, -1 = y + b*p. Calculate the greatest common factor of y and 121.
11
Let r(s) = -8*s. Let a be r(-3). Let x = 1 - -15. Calculate the greatest common divisor of a and x.
8
Let x be -3 + -1 - -11 - 1. Calculate the greatest common factor of x and 15.
3
Let n = 416 + -244. Suppose 452 = 4*v + n. Calculate the highest common factor of v and 10.
10
Let a be 0 - (-8)/3 - 22/33. What is the greatest common factor of a and 20?
2
Let x(o) = 2*o**2 + 4*o - 6. Let i be x(-5). Let j = -27 - -43. Calculate the greatest common factor of j and i.
8
Let x = 44 + 47. What is the greatest common divisor of x and 13?
13
Let p = 27 + -9. Suppose 0 = -5*z - 15, 60 = -o - 4*z - p. Let m = o + 275. Calculate the greatest common divisor of 19 and m.
19
Let b(k) = 89*k**3 - k. Let j be b(1). Calculate the highest common divisor of 66 and j.
22
Let d(v) = 4*v**2 + 0 + 1 + 2 - 6 + 7*v. Let w be d(-6). What is the greatest common divisor of 9 and w?
9
Suppose -x - 9 = -182. Suppose r - 2*d + 19 - 195 = 0, -r = -d - x. Calculate the highest common factor of 17 and r.
17
Let p = 188 - 89. Let a be (2/(-4))/((-1)/38). Let l = a + -8. What is the highest common factor of p and l?
11
Suppose -5*u + 7*u = -2. Let s(d) = 5*d**2 - 2*d - 1. Let b be s(u). Calculate the highest common factor of b and 6.
6
Let f = 9 - -21. Suppose n - 4*n + 3 = 0. Let h be (n - -2)/(1/15). Calculate the greatest common divisor of h and f.
15
Suppose 0 = 2*j - j - 5*d + 10, 5*j = -5*d + 10. Let n be 13 + (0 - (0 + j)). Calculate the highest common divisor of 104 and n.
13
Let s = 2 + 1. Let z(o) = 13*o**3 - 32*o**3 - o**2 - 4*o + s*o. Let v be z(-1). Calculate the greatest common factor of 95 and v.
19
Let c = 147 + -135. What is the highest common divisor of c and 60?
12
Let s(w) = -w**3 - 8*w**2 - 9*w - 8. Let v be s(-9). What is the greatest common factor of 14 and v?
14
Let b = 61 - 41. Suppose -80 = -5*w + w. Calculate the greatest common divisor of b and w.
20
Suppose -17 = 3*f + p - 2*p, 3*f - 5*p + 13 = 0. Let r be (-56)/(-12) + 4/f. Calculate the greatest common factor of r and 12.
4
Suppose -3*x = -5*j + x + 10, 0 = -j - 5*x + 2. Suppose -14 = 3*k - j*k. Let b = -2 - k. What is the greatest common divisor of 8 and b?
4
Let t be ((-15)/(-6) - 4)*-14. What is the greatest common factor of 147 and t?
21
Let p = -76 - -102. Suppose 20 = 3*r + 2*r. Suppose -r*m = -321 + 61. What is the highest common factor of m and p?
13
Suppose -4*a - 129 + 577 = 0. What is the greatest common factor of 14 and a?
14
Let x = -1 + 5. Suppose 2*o - x*o = -l - 8, -3*o = l - 2. Suppose 0*b + 196 = o*b. What is the greatest common factor of b and 14?
14
Let y be 0/1 - -6*(8 - 1). Calculate the greatest common divisor of y and 378.
42
Suppose 4*u + 14 - 66 = 0. What is the greatest common factor of u and 26?
13
Let u = -11 - -14. Suppose 2*i = u*p - 40, i + 54 - 16 = 3*p. What is the highest common divisor of p and 12?
12
Let w = 14 + -5. Calculate the highest common divisor of w and 72.
9
Suppose -54 = -2*m - 0*m. What is the greatest common factor of 9 and m?
9
Let r(s) = -6*s - 14. Suppose -5*m + 4 = -6, -3*m = 3*n + 33. Let g be r(n). What is the greatest common factor of g and 8?
8
Suppose -2*a - 3*h = -7 - 14, 0 = h - 3. Suppose -4*d - 32 = -w, -5*w + 2*d + 36 = -88. Let p = 39 - w. Calculate the highest common divisor of a and p.
3
Let p be 1/(3 + 128/(-44)). Calculate the greatest common divisor of 121 and p.
11
Suppose -2*j - 3*j + 185 = -o, 4*j - 3*o = 137. Calculate the highest common divisor of j and 19.
19
Suppose -2*z - 5*w = -3*z + 97, -2*z = -2*w - 162. Calculate the highest common factor of z and 7.
7
Let u = -59 + 70. What is the highest common factor of u and 1?
1
Suppose 2*m + 9 = 5*m, -5*m = -5*l + 335. Suppose 2*o - 220 = -i - 71, -o = 5*i - l. Calculate the greatest common factor of 15 and o.
15
Suppose 0 = 4*x - 123 - 93. What is the greatest common divisor of 27 and x?
27
Suppose 0 = t + 2*y - 18, 3*t - 5*y = -7*y + 62. Let h(w) = w**3 + 11*w**2 + 5*w + 2. Let k be h(-8). What is the highest common divisor of k and t?
22
Let s be (-1*76)/(3/(6/(-4))). Calculate the greatest common factor of 19 and s.
19
Let j = -77 + 123. What is the greatest common divisor of 23 and j?
23
Let f(m) = -m**3 + 5*m**2 + 4*m + 2. Let d be f(6). Let b = d + 18. What is the greatest common factor of 88 and b?
8
Suppose 0*w - 2*w + 6 = 0. Suppose -2*g - f = -122, -4*f - 50 = -g + f. Let p = -42 + g. What is the greatest common factor of p and w?
3
Let n = -132 - -183. Calculate the greatest common divisor of 119 and n.
17
Suppose 4*w - 202 = 718. What is the highest common factor of w and 46?
46
Suppose 11*n = 14*n - 21. Calculate the greatest common factor of 7 and n.
7
Let n be -1 - -3 - -90 - -3. Calculate the greatest common factor of 5 and n.
5
Let s = 7 - 10. Let v be 5 - (-2 - 0/s). Suppose 2*p + 120 = v*p. What is the greatest common factor of p and 60?
12
Let o = 21 + 42. What is the highest common divisor of o and 9?
9
Suppose -a + 2*a = -65. Let b = a + 137. Calculate the highest common factor of 9 and b.
9
Let z = 14 + -2. What is the highest common divisor of z and 12?
12
Let q(z) = 8*z**3 - 2*z**2 + z. Let p be q(1). Suppose d - 8 = -v - d, 5*v - 26 = 4*d. Let y be (2/v)/(1/3). What is the greatest common divisor of y and p?
1
Let r(p) = -p**2 + 8*p + 6. Let z be r(5). Let t = 1 + z. Suppose j + 228 - 59 = 5*d, -2*j - 8 = 0. Calculate the highest common factor of d and t.
11
Let w(i) = 2*i - 2. Let a be w(-3). Let v be 51/7 + a/28. Let z(r) = -4*r + 2. Let b be z(-3). What is the greatest common factor of b and v?
7
Let m = -5 - -2. Let n = 2 + m. Let q = 7 + n. Calculate the highest common factor of q and 3.
3
Suppose 2*h - 5 = 3. Suppose 0*j - 2 = -2*j + h*p, -4*j = -p - 32. Calculate the greatest common divisor of j and 18.
9
Let n = 3 - -6. Suppose -4*v = -v - n. Suppose v*a + 39 = 3*r, -5*r - 2*a - 10 + 40 = 0. What is the greatest common divisor of r and 12?
4
Suppose 2*v - a = 66 - 20, 30 = v - 4*a. Suppose -4*b + v = -46. Calculate the highest common divisor of 119 and b.
17
Suppose 3*j = 5*j - 8. Suppose 37 = 4*z + z - 4*k, 2*k = -z - 1. Suppose -r = z*t - 65, -4*t = 2*r - j*r - 38. Calculate the greatest common factor of 12 and t.
12
Suppose -5*p + 26 = 2*z - 4, -4*p + 28 = 2*z. Calculate the greatest common divisor of 110 and z.
10
Suppose -87 = -4*g - 3*h, 5*g + h - 3*h - 126 = 0. Suppose f - 2 = 1. Calculate the highest common factor of f and g.
3
Let i(t) = 52*t - 1. Let p be i(3). Suppose -p = -3*s - 2*s. Let k = -13 + s. What is the highest common factor of 36 and k?
18
Suppose -3*k - 5 = -77. Let s be 650/117 - (-12)/27. What is the highest common factor of k and s?
6
Let a be 13/2 - (-1)/2. Let j = -7 - -3. Let r be j/(1/(14*-1)). What is the greatest common divisor of a and r?
7
Let g = -112 - -117. What is the highest common factor of g and 15?
5
Let b be (3 - 23)/4 + 3. Let s be (11/b)/(16/(-32)). Calculate the greatest common factor of 77 and s.
11
Let r(c) = c**2 + 19*c + 16. Let b be r(-17). Let h = 54 - b.